est common factor of 2208 and 2024.
184
Calculate the greatest common factor of 184 and 1336.
8
Calculate the highest common factor of 6396 and 2184.
156
What is the greatest common factor of 1643 and 2852?
31
What is the greatest common factor of 220808 and 952?
56
What is the greatest common factor of 6409 and 20995?
221
What is the greatest common divisor of 59360 and 20?
20
Calculate the greatest common divisor of 352326 and 234.
78
Calculate the highest common divisor of 54 and 367065.
27
Calculate the greatest common divisor of 1175720 and 35.
35
Calculate the greatest common divisor of 1075 and 807325.
1075
Calculate the highest common divisor of 30520 and 5150.
10
What is the greatest common divisor of 13076 and 1351?
7
Calculate the greatest common factor of 765 and 103088.
17
Calculate the greatest common divisor of 2173 and 164.
41
Calculate the highest common divisor of 9144240 and 15.
15
Calculate the greatest common factor of 147 and 1503271.
49
What is the greatest common divisor of 869 and 781?
11
Calculate the greatest common divisor of 3138820 and 20.
20
What is the greatest common factor of 105734 and 58?
58
What is the greatest common divisor of 36 and 45594?
18
What is the greatest common factor of 176120 and 1870?
170
Calculate the highest common factor of 160126 and 1012.
46
Calculate the highest common divisor of 208 and 2384.
16
Calculate the highest common divisor of 432981 and 216.
9
Calculate the highest common factor of 6225856 and 112.
112
What is the greatest common factor of 52 and 18551?
13
What is the highest common factor of 37823 and 436?
109
Calculate the highest common divisor of 586720 and 8492.
772
What is the highest common factor of 5332 and 172?
172
What is the highest common factor of 1281 and 7256438?
427
What is the greatest common factor of 3014640 and 632?
632
Calculate the greatest common divisor of 527 and 93.
31
What is the highest common divisor of 19114 and 11875?
19
Calculate the greatest common divisor of 830236 and 44.
44
Calculate the greatest common factor of 120 and 232230.
30
What is the greatest common divisor of 5 and 25205?
5
Calculate the highest common factor of 524409 and 1608.
201
Calculate the highest common divisor of 331271 and 7864.
983
Calculate the greatest common factor of 805 and 170430.
115
Calculate the highest common divisor of 312 and 1168.
8
What is the greatest common divisor of 27819 and 1188?
99
What is the highest common divisor of 93 and 1011344?
31
Calculate the highest common divisor of 15617 and 2576.
161
Calculate the greatest common divisor of 436220 and 1020.
340
What is the highest common factor of 382 and 152991?
191
What is the greatest common divisor of 966597 and 258?
129
Calculate the greatest common divisor of 128 and 94624.
32
Calculate the greatest common divisor of 63 and 55062.
63
Calculate the highest common divisor of 2340831 and 669.
669
What is the highest common factor of 505 and 370?
5
What is the greatest common factor of 5418 and 4410?
126
What is the highest common divisor of 53 and 10232286?
53
Calculate the highest common factor of 464 and 704.
16
Calculate the greatest common factor of 99 and 3466518.
33
Calculate the highest common divisor of 3196 and 113084.
68
Calculate the highest common factor of 153 and 22814.
17
Calculate the greatest common divisor of 246768 and 592.
16
What is the greatest common factor of 7180 and 112?
4
What is the greatest common factor of 198473 and 11?
11
Calculate the highest common factor of 699 and 2265925.
233
Calculate the highest common factor of 7428 and 168.
12
Calculate the greatest common factor of 192 and 3228.
12
What is the highest common factor of 101166 and 78?
78
Calculate the greatest common divisor of 125 and 1947875.
125
What is the highest common divisor of 2132 and 120991?
533
What is the highest common factor of 36 and 118458?
18
Calculate the greatest common divisor of 219 and 66284.
73
What is the highest common divisor of 11840 and 48?
16
What is the highest common factor of 765 and 9000?
45
Calculate the greatest common divisor of 92689 and 767.
59
Calculate the highest common factor of 20 and 79840.
20
What is the greatest common divisor of 210830 and 280?
10
What is the highest common divisor of 136 and 26639?
17
What is the greatest common divisor of 4312165 and 3586?
1793
What is the highest common divisor of 44451 and 198?
99
Calculate the greatest common divisor of 1025 and 5350.
25
What is the greatest common divisor of 60 and 88480?
20
What is the highest common divisor of 1119884 and 596?
596
What is the greatest common factor of 116 and 1636?
4
What is the highest common factor of 63 and 53739?
63
What is the highest common factor of 264 and 95656?
88
What is the highest common factor of 38124 and 1404?
108
What is the greatest common divisor of 33626 and 155703?
731
What is the greatest common divisor of 488 and 312?
8
Calculate the greatest common factor of 56 and 15812.
4
What is the greatest common factor of 525 and 1095?
15
What is the highest common divisor of 67834 and 52?
26
What is the greatest common factor of 692 and 19400?
4
Calculate the highest common factor of 102 and 506262.
6
What is the highest common factor of 76 and 728?
4
Calculate the greatest common divisor of 143456 and 512.
32
What is the highest common factor of 1937 and 373096?
149
What is the greatest common divisor of 15 and 24145?
5
What is the highest common divisor of 936 and 5544?
72
What is the highest common factor of 135 and 71640?
45
What is the highest common divisor of 164 and 120786?
82
What is the greatest common factor of 943 and 26281?
41
What is the greatest common factor of 1740 and 3306?
174
Calculate the highest common factor of 1570 and 90.
10
Calculate the highest common divisor of 14514 and 3936.
246
Calculate the greatest common divisor of 304164 and 2016.
252
What is the greatest common factor of 438 and 11874?
6
What is the greatest common divisor of 200 and 2475?
25
Calculate the greatest common divisor of 1049461 and 21.
7
Calculate the greatest common divisor of 1137594 and 12.
6
What is the highest common divisor of 23380 and 85504?
668
Calculate the highest common divisor of 5162 and 35333.
89
What is the highest common divisor of 50 and 6605?
5
Calculate the highest common divisor of 8211 and 268617.
1173
What is the greatest common divisor of 6 and 257394?
6
Calculate the highest common factor of 48643 and 70.
7
Calculate the highest common factor of 3539655 and 14.
7
What is the highest common factor of 629577 and 585?
117
What is the highest common factor of 4563 and 15?
3
Calculate the highest common divisor of 211973 and 8177.
629
Calculate the greatest common factor of 274614 and 116278.
2474
What is the highest common divisor of 657214 and 610?
122
Calculate the highest common divisor of 312 and 81156.
12
Calculate the greatest common divisor of 2421 and 28737.
9
Calculate the greatest common divisor of 114725 and 275.
25
Calculate the greatest common divisor of 26 and 1358123.
13
What is the greatest common divisor of 469680 and 1080?
120
Calculate the highest common divisor of 48 and 472.
8
What is the greatest common factor of 476 and 12172?
68
Calculate the greatest common divisor of 300 and 891.
3
Calculate the greatest common factor of 1313014 and 634.
634
What is the highest common factor of 69948 and 3350?
134
Calculate the greatest common factor of 213 and 26838.
213
What is the greatest common divisor of 1727847 and 31?
31
Calculate the highest common factor of 65 and 4160.
65
Calculate the greatest common factor of 2 and 22318.
2
What is the highest common divisor of 423300 and 3300?
300
What is the highest common divisor of 4301 and 1408?
11
What is the greatest common factor of 8 and 71432?
8
Calculate the greatest common factor of 19671 and 2370.
237
Calculate the greatest common divisor of 14126 and 340033.
1009
What is the greatest common factor of 610 and 21600?
10
Calculate the greatest common divisor of 210 and 95613.
21
Calculate the highest common factor of 5988 and 501994.
998
Calculate the greatest common divisor of 4 and 97.
1
What is the greatest common factor of 170079 and 1617?
147
Calculate the highest common divisor o